
524
In base 9, what is -210 + -87?
-307
In base 9, what is -21 - 1?
-22
In base 10, what is -31 + 11?
-20
In base 3, what is 20120 - -2?
20122
In base 16, what is 1 - -20c?
20d
In base 3, what is -1101 - -100?
-1001
In base 2, what is -1 + 100000?
11111
In base 13, what is -2ab + 5?
-2a6
In base 12, what is -5 + 23?
1a
In base 9, what is 0 + -1431?
-1431
In base 7, what is -1046 - 4?
-1053
In base 7, what is -4 + 15?
11
In base 13, what is 315 + -1?
314
In base 6, what is 1353 - -30?
1423
In base 3, what is 210100 - -10?
210110
In base 8, what is 1751 - -1?
1752
In base 2, what is 100 + 1110011000001?
1110011000101
In base 3, what is -20211 - -10210?
-10001
In base 6, what is -1 + 3234?
3233
In base 14, what is -200a + 1?
-2009
In base 7, what is 6 - -361?
400
In base 2, what is 101011100100 - 11?
101011100001
In base 9, what is -21 - 2?
-23
In base 7, what is -166 + -50?
-246
In base 8, what is -7 - 11?
-20
In base 7, what is -12 + 65?
53
In base 7, what is -1 - -320?
316
In base 11, what is 11 + 130?
141
In base 13, what is -4 + 84?
80
In base 10, what is -6064 + 3?
-6061
In base 7, what is 11235 - -4?
11242
In base 3, what is -121 + -2000?
-2121
In base 2, what is 1100 - 11000010?
-10110110
In base 13, what is 3 - -234?
237
In base 11, what is -26 - -6?
-20
In base 11, what is 3 - 871?
-869
In base 7, what is 4 - -1003?
1010
In base 4, what is 11 - -221110?
221121
In base 11, what is 1127 - -2?
1129
In base 5, what is 13323 - -1?
13324
In base 15, what is 0 + -4d?
-4d
In base 14, what is 3 + -319?
-316
In base 10, what is 9 + -567?
-558
In base 15, what is 1 - d4?
-d3
In base 11, what is 0 + 8?
8
In base 14, what is -961 + 0?
-961
In base 5, what is 13 - -1224?
1242
In base 6, what is 14002 + 5?
14011
In base 12, what is -4 - 103?
-107
In base 3, what is 221 + 100?
1021
In base 9, what is 0 - 6?
-6
In base 3, what is 1020 - -2?
1022
In base 13, what is -7c + 1?
-7b
In base 13, what is 5b + 7?
65
In base 7, what is 11 + -1510?
-1466
In base 16, what is 7 - -2d4?
2db
In base 15, what is -39 + 42?
8
In base 10, what is -6 + 33?
27
In base 4, what is 1001 + 3?
1010
In base 9, what is 13 - -237?
251
In base 8, what is 1 + -12116?
-12115
In base 10, what is 1235 + -2?
1233
In base 12, what is -3 - 72?
-75
In base 5, what is 140 + -2144?
-2004
In base 14, what is b + -122?
-115
In base 7, what is 1232 + 3?
1235
In base 6, what is -113 - 1030?
-1143
In base 3, what is 12 - -10110221?
10111010
In base 5, what is 100103 + 3?
100111
In base 15, what is e + 166?
175
In base 6, what is -4 + -5354?
-5402
In base 14, what is -20dd0 + 0?
-20dd0
In base 8, what is 0 + 463?
463
In base 6, what is -243 - 2?
-245
In base 8, what is 74 + 4?
100
In base 3, what is -2 - 1001?
-1010
In base 10, what is 1702 - 2?
1700
In base 9, what is 860 + 0?
860
In base 3, what is -101100 - 12?
-101112
In base 3, what is 2102220022 - -1?
2102220100
In base 13, what is 0 + 32?
32
In base 14, what is -4 - -79?
75
In base 6, what is 2 - 1544?
-1542
In base 16, what is -3 + 34c?
349
In base 8, what is 67 - 427?
-340
In base 7, what is -162 + 4?
-155
In base 9, what is 1051 - -4?
1055
In base 9, what is 2 - -162?
164
In base 4, what is -10 + 32021?
32011
In base 8, what is -2 + -13547?
-13551
In base 4, what is -2001 + 0?
-2001
In base 6, what is -43 + -3?
-50
In base 9, what is 3152 - -5?
3157
In base 11, what is -4 - -49?
45
In base 7, what is 4 + 2230?
2234
In base 6, what is -10252 + 1?
-10251
In base 16, what is -7 + -c?
-13
In base 2, what is -1000 - -1010?
10
In base 13, what is -1 + -10?
-11
In base 11, what is 0 - 4?
-4
In base 4, what is -30021 + -101?
-30122
In base 9, what is -4 - 0?
-4
In base 11, what is -2 + -129?
-130
In base 3, what is 221120 + -1?
221112
In base 2, what is -101 + -10100?
-11001
In base 8, what is -122 - -4?
-116
In base 3, what is -11200 - -10?
-11120
In base 15, what is -44 - ab?
-100
In base 4, what is 1021100 - -2?
1021102
In base 16, what is 8c9 + 2?
8cb
In base 14, what is -ab + 6?
-a5
In base 10, what is 24 - -7?
31
In base 9, what is -13 - 1201?
-1214
In base 15, what is 45c3 - -2?
45c5
In base 5, what is 21323 - -2?
21330
In base 13, what is -1581 + 1?
-1580
In base 2, what is 10 + 100110110111?
100110111001
In base 9, what is 2 + 122?
124
In base 3, what is 1021 - -11?
1102
In base 14, what is 38 + c?
46
In base 2, what is 111101 - -1010?
1000111
In base 16, what is 1c - 2d?
-11
In base 9, what is -3 + -48?
-52
In base 11, what is -8 - 130?
-138
In base 3, what is -10 - -101220?
101210
In base 10, what is 5 + 152?
157
In base 5, what is -4 - -10441?
10432
In base 4, what is -201 + -333?
-1200
In base 13, what is 11 + 2?
13
In base 9, what is -6 + -1656?
-1663
In base 15, what is -85 + -4?
-89
In base 8, what is -346 - 3?
-351
In base 3, what is 122202021 + -12?
122202002
In base 2, what is 111 + -111101?
-110110
In base 3, what is -1 - -212212?
212211
In base 11, what is -11329 + -3?
-11331
In base 11, what is -25a + 4?
-256
In base 8, what is 3107 + 2?
3111
In base 3, what is -10111 + -111?
-10222
In base 14, what is -4 + 17?
13
In base 8, what is -5 + -2132?
-2137
In base 16, what is 20 - -1?
21
In base 16, what is -2 + -54?
-56
In base 7, what is 4 + -335?
-331
In base 14, what is 1 - 3?
-2
In base 9, what is -350 + -2?
-352
In base 6, what is -5 - -10?
1
In base 10, what is -4 + -39?
-43
In base 11, what is 4295 + -1?
4294
In base 15, what is -4 + 45b?
457
In base 11, what is 3 + -9?
-6
In base 3, what is 11 + 1002?
1020
In base 14, what is -c + -26?
-34
In base 11, what is 3 - -540?
543
In base 9, what is 12 + 4?
16
In base 11, what is 3 - 4a0?
-498
In base 10, what is -5 - -67?
62
In base 16, what is 1 - -19f?
1a0
In base 2, what is -1 + -10111110001?
-10111110010
In base 13, what is 40 + 91?
101
In base 12, what is 1 + a4?
a5
In base 6, what is 25 + 352?
421
In base 8, what is -45 + 131?
64
In base 3, what is -12012 - 101?
-12120
In base 11, what is 1128 + 5?
1132
In base 15, what is cd + -2?
cb
In base 14, what is 94 - 35?
5d
In base 7, what is -133 - 6?
-142
In base 11, what is -68 - 4?
-71
In base 4, what is -3 - -13021?
13012
In base 12, what is 6 + -118?
-112
In base 7, what is 5 - -35?
43
In base 9, what is -4 - 25?
-30
In base 10, what is 1571 - 5?
1566
In base 11, what is -36 - 12?
-48
In base 10, what is -6404 - -5?
-6399
In base 6, what is 241 + 3?
244
In base 13, what is a47 + 1?
a48
In base 11, what is -2081 - 3?
-2084
In base 5, what is 20104 + -1?
20103
In base 5, what is -3141 - -20?
-3121
In base 2, what is -110010000101 - 101?
-110010001010
In base 15, what is 1ec - 0?
1ec
In base 5, what is -432 + 24?
-403
In base 2, what is 10 + -1010010?
-1010000
In base 5, what is 401 + -22?
324
In base 8, what is 3 + -5737?
-5734
In base 9, what is 2 - -221?
223
In base 13, what is -22 - 18?
-3a
In base 2, what is 10 - -11011?
11101
In base 8, what is -52754 - -3?
-52751
In base 12, what is 144 + b?
153
In base 12, what is 1217 - 2?
1215
In base 11, what is 11 - -4?
15
In base 8, what is -526 + -1?
-527
In base 10, what is 4 + -49?
-45
In base 3, what is -11002202 + 1?
-11002201
In base 4, what is -3 + 3?
0
In base 13, what is -161 - 6?
-167
In base 4, what is 200 - 1?
133
In base 14, what is 1 - -5c5?
5c6
In base 14, what is 2 - -9c?
a0
In base 9, what is 5 - -16?
22
In base 15, what is -319 - -2?
-317
In base 5, what is -41110 - -10?
-41100
In base 16, what is -4 - -f3?
ef
In base 9, what is -5 - -211?
205
In base 14, what is 198 - -5?
19d
In base 13, what is -2 - 15a8?
-15aa
In base 2, what is -11 - -11101?
11010
In base 14, what is -31d + -1?
-320
In base 13, what is -2 + 39?
37
In base 6, what is 4122 + 21?
4143
In base 9, what is -51 - -8?
-42
In base 15, what is 5 - 93?
-8d
In base 6, what is -14 + -302?
-320
In base 3, what is -1 + -11?
-12
In base 9, what is 337 + -1?
336
In base 8, what is 5 + -10755?
-10750
In base 16, what is 12c - -2?
12e
In base 5, what is -122 - 3321?
-3443
In base 7, what is -14 - -2416?
2402
In base 8, what is 3 - -771?
774
In base 3, what is 10112 + 1?
10120
In base 13, what is 932 + 5?
937
In base 9, what is -2 - 62?
-64
In base 15, what is -32 + b?
-26
In base 15, what is -3a - -16?
-24
In base 9, what is -445 - -1?
-444
In base 5, what is 2 + -20?
-13
In base 15, what is d - -34d?
35b